tiple of 47?
False
Is 102225 even?
False
Is 1856768 a multiple of 32?
True
Is 20366428 a multiple of 241?
True
Does 79 divide 1125355?
True
Is 26 a factor of 16587?
False
Is 6 a factor of 7483958?
False
Does 302 divide 380061?
False
Is 231310 a multiple of 5?
True
Is 127 a factor of 98552?
True
Does 86 divide 929230?
True
Is 330467 a multiple of 19?
True
Does 33 divide 166518?
True
Is 296 a factor of 4191952?
True
Is 1725814 a multiple of 30?
False
Is 36 a factor of 1258633?
False
Does 74 divide 2638951?
False
Does 63 divide 73067?
False
Is 17 a factor of 21?
False
Is 2062126 a multiple of 212?
False
Is 39 a factor of 720190?
False
Is 54141 a multiple of 52?
False
Does 122 divide 1429676?
False
Is 160228 a multiple of 82?
True
Is 159580 a multiple of 158?
True
Is 154968 a multiple of 33?
True
Is 83030 a multiple of 361?
True
Is 104 a factor of 362998?
False
Is 970266 a multiple of 61?
True
Is 33 a factor of 3427743?
True
Is 2 a factor of 129361?
False
Is 1026432 even?
True
Is 379029 a multiple of 72?
False
Is 90720 a multiple of 36?
True
Does 19 divide 4698551?
False
Is 15 a factor of 1015635?
True
Is 72749 a multiple of 23?
True
Is 56 a factor of 19880?
True
Is 168 a factor of 134568?
True
Does 208 divide 84448?
True
Is 29355 a multiple of 11?
False
Is 3 a factor of 70992?
True
Is 1924970 a multiple of 6?
False
Does 49 divide 134652?
True
Is 16 a factor of 816080?
True
Does 835 divide 3843505?
True
Is 8 a factor of 5226198?
False
Is 17 a factor of 138946?
False
Does 167 divide 11679228?
False
Is 73900 even?
True
Is 64 a factor of 89869?
False
Does 641 divide 1366612?
True
Does 22 divide 301266?
False
Is 5727021 a multiple of 4?
False
Does 9 divide 255755?
False
Is 428 a multiple of 8?
False
Does 58 divide 188269?
False
Is 493728 a multiple of 74?
True
Is 1993257 a multiple of 21?
True
Does 842 divide 1200883?
False
Is 36 a factor of 98972?
False
Is 12 a factor of 55800?
True
Does 506 divide 108817?
False
Is 1968878 a multiple of 4?
False
Is 270347 a multiple of 215?
False
Does 59 divide 936094?
True
Is 539643 a multiple of 13?
True
Does 16 divide 214464?
True
Is 18476315 a multiple of 65?
True
Is 8 a factor of 1937208?
True
Does 489 divide 3200016?
True
Is 59670 a multiple of 117?
True
Does 129 divide 1346241?
False
Is 662073 a multiple of 18?
False
Is 873500 a multiple of 4?
True
Is 239955 a multiple of 14?
False
Is 32912 a multiple of 176?
True
Is 58 a factor of 603464?
False
Does 13 divide 1475250?
False
Does 201 divide 828279?
False
Is 13 a factor of 16326?
False
Is 560114 a multiple of 63?
False
Is 512 a factor of 560128?
True
Is 63 a factor of 308709?
False
Is 491947 a multiple of 12?
False
Is 6843 even?
False
Does 6 divide 10475?
False
Is 683804 a multiple of 11?
True
Is 1770 a factor of 12793560?
True
Does 9 divide 1669431?
False
Does 4 divide 2758169?
False
Is 1862 a factor of 8116251?
False
Is 90 a factor of 163800?
True
Is 108 a factor of 11227140?
True
Does 2 divide 181970?
True
Is 238 a factor of 327012?
True
Is 83 a factor of 216719?
False
Does 532 divide 351652?
True
Is 1371868 a multiple of 59?
True
Is 35 a factor of 160027?
False
Is 8822511 a multiple of 913?
False
Is 795 a factor of 23634555?
True
Is 757 a factor of 272167?
False
Does 76 divide 203273?
False
Does 3 divide 67047?
True
Is 1359418 a multiple of 837?
False
Is 484022 a multiple of 14?
True
Is 439 a factor of 3794716?
True
Is 538395 a multiple of 15?
True
Does 17 divide 1807576?
True
Does 187 divide 1184207?
False
Does 168 divide 2551153?
False
Does 4 divide 62220?
True
Is 346 a factor of 949770?
True
Does 21 divide 530754?
True
Is 3 a factor of 1503559?
False
Is 8 a factor of 21379?
False
Is 291144 a multiple of 42?
True
Does 853 divide 1363713?
False
Is 58855 a multiple of 72?
False
Is 51 a factor of 1138116?
True
Is 74 a factor of 150475?
False
Is 75 a factor of 6480615?
False
Is 84083 a multiple of 149?
False
Is 1927200 a multiple of 300?
True
Is 634 a factor of 5801734?
True
Does 7 divide 3589844?
False
Is 6 a factor of 34668?
True
Is 2 a factor of 310825?
False
Is 279888 a multiple of 42?
True
Is 137550 a multiple of 26?
False
Is 43827 a multiple of 21?
True
Is 79065 a multiple of 509?
False
Does 9 divide 2139294?
False
Does 46 divide 434517?
False
Is 39 a factor of 377467?
False
Does 18 divide 17734?
False
Is 143 a factor of 4524234?
True
Is 9 a factor of 2083339?
False
Is 143430 a multiple of 21?
True
Is 4 a factor of 12558?
False
Is 835404 a multiple of 172?
True
Is 8996384 a multiple of 8?
True
Is 102 a factor of 296623?
False
Is 66 a factor of 1934356?
False
Does 255 divide 71910?
True
Is 20 a factor of 104660?
True
Does 20 divide 107884?
False
Is 258420 a multiple of 18?
False
Does 76 divide 579224?
False
Does 2 divide 22401?
False
Is 143507 a multiple of 247?
True
Does 120 divide 1711680?
True
Is 12 a factor of 16032?
True
Does 242 divide 66550?
True
Does 40 divide 105520?
True
Does 49 divide 417527?
False
Does 24 divide 10791744?
True
Does 18 divide 718856?
False
Does 391 divide 2402695?
True
Does 79 divide 562322?
True
Does 389 divide 5057?
True
Is 383 a factor of 1629670?
False
Is 298 a factor of 6986014?
True
Is 27 a factor of 433780?
False
Does 136 divide 7789672?
True
Is 52 a factor of 86735?
False
Is 261003 a multiple of 19?
True
Is 10 a factor of 329341?
False
Does 28 divide 100744?
True
Does 490 divide 2865958?
False
Is 21658 a multiple of 17?
True
Is 1451875 a multiple of 25?
True
Is 6 a factor of 10304559?
False
Is 60 a factor of 1512709?
False
Is 26 a factor of 34294?
True
Is 7362762 a multiple of 11?
True
Is 855023 a multiple of 1133?
False
Is 17294536 a multiple of 1178?
False
Does 13 divide 13495035?
False
Is 94 a factor of 3514445?
False
Is 35 a factor of 1619555?
True
Is 138984 a multiple of 6?
True
Is 54997 a multiple of 26?
False
Is 304230 a multiple of 164?
False
Does 26 divide 8380164?
True
Does 3 divide 45783?
True
Does 33 divide 31654?
False
Does 11 divide 2521783?
True
Does 133 divide 108129?
True
Does 12 divide 1457558?
False
Does 6 divide 881?
False
Is 35 a factor of 4124628?
False
Does 10 divide 7175?
False
Is 34 a factor of 285513?
False
Is 26 a factor of 176280?
True
Does 348 divide 321857?
False
Is 33 a factor of 1126719?
True
Does 56 divide 169960?
True
Is 2324703 a multiple of 27?
False
Is 4298638 a multiple of 107?
False
Does 170 divide 290152?
False
Is 726704 a multiple of 88?
True
Does 15 divide 10192890?
True
Does 696 divide 7501645?
False
Does 353 divide 5644823?
True
Is 144705 a multiple of 11?
True
Is 4 a factor of 321028?
True
Does 196 divide 53312?
True
Is 15 a factor of 8471820?
True
Is 29377854 a multiple of 22?
True
Does 1668 divide 14306436?
True
Is 174 a factor of 519912?
True
Is 116 a factor of 126380?
False
Does 254 divide 94562?
False
Does 24 divide 687240?
True
Does 462 divide 4011084?
True
Is 363038 a multiple of 12?
False
Is 20008823 a multiple of 2557?
False
Is 450155 a multiple of 11?
False
Does 90 divide 872970?
False
Is 11352 a multiple of 33?
True
Is 307 a factor of 275451?
False
Is 153 a factor of 6755769?
False
Is 105358 a multiple of 11?
True
Is 5799080 a multiple of 596?
True
Does 3 divide 828?
True
Is 15 a factor of 129750?
True
Is 67 a factor of 635935?
False
Is 214812 a multiple of 4?
True
Does 958 divide 323495?
False
Is 1255 a factor of 10602054?
False
Is 25 a factor of 27914?
False
Is 7 a factor of 115458?
True
Does 29 divide 138067?
False
Is 20746032 a multiple of 16?
True
Is 616460 a multiple of 65?
True
Is 27 a factor of 907891?
False
Does 57 divide 520581?
True
Is 16 a factor of 6480?
True
Is 422021 a multiple of 41?
False
Does 1035 divide 8260586?
False
Is 12 a factor of 95317?
False
Is 203 a factor of 79972?
False
Is 12001350 a multiple of 730?
False
Does 68 divide 7052416?
True
Does 107 divide 2499311?
False
Is 72 a factor of 706464?
True
Does 60 divide 1440900?
True
Is 65 a factor of 101642?
False
Is 1140512 a multiple of 232?
True
Does 324 divide 6101848?
False
Is 42740 a multiple of 20?
True
Does 338 divide 834839?
False
Is 15 a factor of 559198?
False
Is 8188 a multiple of 89?
True
Is 2979 a multiple of 4?
False
Does 149 divide 1878741?
True
Is 81540 a multiple of 302?
True
Is 1849120 a multiple of 140?
True
Does 286 divide 1021594?
False
Is 1014 a factor of 11128253?
F